{"id":883,"date":"2023-05-29T15:54:12","date_gmt":"2023-05-29T12:54:12","guid":{"rendered":"https:\/\/tezulas-berrynova.com\/?page_id=883"},"modified":"2025-07-16T14:06:00","modified_gmt":"2025-07-16T11:06:00","slug":"bombus-arisi","status":"publish","type":"page","link":"https:\/\/tezulas-berrynova.com\/?page_id=883","title":{"rendered":"BOMBUS ARISI"},"content":{"rendered":"<p>[vc_row][vc_column width=&#8221;1\/2&#8243;][vc_single_image image=&#8221;936&#8243; img_size=&#8221;full&#8221; alignment=&#8221;center&#8221; style=&#8221;vc_box_outline&#8221; border_color=&#8221;juicy_pink&#8221; css_animation=&#8221;fadeInLeft&#8221;][vc_single_image image=&#8221;1155&#8243; img_size=&#8221;medium&#8221;][\/vc_column][vc_column width=&#8221;1\/2&#8243;][vc_column_text css_animation=&#8221;fadeInRight&#8221;]<\/p>\n<h4><span style=\"color: #000000;\">Seram\u0131zda \u00a0vibrat\u00f6r ve hormon uygulama y\u00f6ntemlerinin yerini b\u00fcy\u00fck \u00f6l\u00e7\u00fcde Bambus ar\u0131lar\u0131 \u00fcslenmektedir. M\u00fckemmel polinat\u00f6r vazifesi g\u00f6ren Bambuslar d\u00f6llenme i\u015flemini tamamen do\u011fal y\u00f6ntemlerle ger\u00e7ekle\u015ftirip, \u00a0zararl\u0131 kimyasal ila\u00e7 kullan\u0131m\u0131n\u0131n azalt\u0131lmas\u0131na katk\u0131da bulunmaktad\u0131rlar..<\/span><\/h4>\n<h4><span style=\"color: #000000;\">+8\u00b0C\/+35\u00b0C s\u0131cakl\u0131kla, y\u00fcksek nem ortam\u0131nda ve az g\u00fcne\u015fli ortamlarda rahatl\u0131kla \u00e7i\u00e7ek tozu transferi yapabilen Bambus ar\u0131lar\u0131 g\u00fcnde 4800 adet \u00e7i\u00e7ek gezerek ve besin arama \u00a0faaliyetleri s\u0131ras\u0131nda yuvas\u0131ndan \u00a0en fazla 150 metre kadar uzakla\u015farak seram\u0131z\u0131n en \u00e7al\u0131\u015fkan ve sad\u0131k \u00fcyeleridir. Seram\u0131zda HORMON KULLANILMAMAKTADIR<\/span><\/h4>\n<p>[\/vc_column_text][\/vc_column][\/vc_row]<\/p>","protected":false},"excerpt":{"rendered":"<p>[vc_row][vc_column width=&#8221;1\/2&#8243;][vc_single_image image=&#8221;936&#8243; img_size=&#8221;full&#8221; alignment=&#8221;center&#8221; style=&#8221;vc_box_outline&#8221; border_color=&#8221;juicy_pink&#8221; css_animation=&#8221;fadeInLeft&#8221;][vc_single_image image=&#8221;1155&#8243; img_size=&#8221;medium&#8221;][\/vc_column][vc_column width=&#8221;1\/2&#8243;][vc_column_text css_animation=&#8221;fadeInRight&#8221;] Seram\u0131zda \u00a0vibrat\u00f6r ve hormon uygulama y\u00f6ntemlerinin yerini b\u00fcy\u00fck \u00f6l\u00e7\u00fcde Bambus ar\u0131lar\u0131 \u00fcslenmektedir. M\u00fckemmel polinat\u00f6r vazifesi g\u00f6ren Bambuslar d\u00f6llenme i\u015flemini tamamen do\u011fal y\u00f6ntemlerle ger\u00e7ekle\u015ftirip, \u00a0zararl\u0131 kimyasal ila\u00e7 kullan\u0131m\u0131n\u0131n azalt\u0131lmas\u0131na&#8230;<\/p>\n","protected":false},"author":1,"featured_media":0,"parent":0,"menu_order":0,"comment_status":"closed","ping_status":"closed","template":"","meta":{"pgc_sgb_lightbox_settings":"","footnotes":""},"class_list":["post-883","page","type-page","status-publish","hentry"],"_links":{"self":[{"href":"https:\/\/tezulas-berrynova.com\/index.php?rest_route=\/wp\/v2\/pages\/883","targetHints":{"allow":["GET"]}}],"collection":[{"href":"https:\/\/tezulas-berrynova.com\/index.php?rest_route=\/wp\/v2\/pages"}],"about":[{"href":"https:\/\/tezulas-berrynova.com\/index.php?rest_route=\/wp\/v2\/types\/page"}],"author":[{"embeddable":true,"href":"https:\/\/tezulas-berrynova.com\/index.php?rest_route=\/wp\/v2\/users\/1"}],"replies":[{"embeddable":true,"href":"https:\/\/tezulas-berrynova.com\/index.php?rest_route=%2Fwp%2Fv2%2Fcomments&post=883"}],"version-history":[{"count":17,"href":"https:\/\/tezulas-berrynova.com\/index.php?rest_route=\/wp\/v2\/pages\/883\/revisions"}],"predecessor-version":[{"id":1174,"href":"https:\/\/tezulas-berrynova.com\/index.php?rest_route=\/wp\/v2\/pages\/883\/revisions\/1174"}],"wp:attachment":[{"href":"https:\/\/tezulas-berrynova.com\/index.php?rest_route=%2Fwp%2Fv2%2Fmedia&parent=883"}],"curies":[{"name":"wp","href":"https:\/\/api.w.org\/{rel}","templated":true}]}}